3*l = -3*l + p. What are the prime factors of l?
13
List the prime factors of 1818883/1090 - 6/(-20).
1669
Let h(z) = -822*z + 50. List the prime factors of h(-3).
2, 17, 37
Suppose 0 = -11*h + 15*h - 1104. What are the prime factors of 2/2 - -1 - h/(-12)?
5
Let i = -269 - -465. List the prime factors of i.
2, 7
List the prime factors of ((-111474)/(-132))/(1/2).
3, 563
Suppose 0*d - 8 = -2*d. Suppose -3*s - 2*f - 68 = 0, 4*f + 116 = -9*s + d*s. List the prime factors of 0 - -2 - 4*s.
2, 41
Suppose 0 = -4*z + 5*t + 243, 4*z + 31 = -3*t + 250. What are the prime factors of z?
3, 19
Suppose h + 1429 = -2*b + 5*b, 0 = b + h - 479. List the prime factors of b.
3, 53
Suppose 204 = -0*i + 3*i + 3*o, o - 200 = -3*i. Let q = 155 - i. List the prime factors of q.
89
Suppose 7*b = b + 1656. Suppose 2*f = b - 66. What are the prime factors of f?
3, 5, 7
Let r(k) be the third derivative of -k**4/12 - k**3/6 + k**2. Let i be r(-2). Suppose -2*l + 55 = i*l + 3*d, -3*l + 3*d + 57 = 0. List the prime factors of l.
2, 7
List the prime factors of -2 + -3 + -2 - (-2539 + 2).
2, 5, 11, 23
Let c(m) = -11*m - 4. Let n(y) = -5*y - 2. Let d(j) = 6*c(j) - 13*n(j). List the prime factors of d(-19).
3, 7
Let r be 3 + 2/(-2)*6. Let d = 0 - r. Suppose 5*v - 4*f = 116 + 124, -144 = -d*v - 4*f. What are the prime factors of v?
2, 3
Suppose 3*w - 7 + 0 = 4*a, -4*w = -3*a - 14. What are the prime factors of (6 - a)/((-4)/(-62))?
2, 31
Suppose 0 = o - 2*x - 392, 0 = -3*o - x + 1486 - 310. Suppose 4*l + 144 = o. What are the prime factors of l/2 - (-2 + 2)?
31
Suppose -d - 14 = -w + 2*w, -d = 4*w + 20. Let u = -12 - d. Suppose u = 5*i - 8*i + 75. What are the prime factors of i?
5
Let v = 9109 - 5926. List the prime factors of v.
3, 1061
Let w(u) = -u**3 - 6*u**2 + 15*u - 5. Let a be w(-8). Suppose 5*h = -3*g - 66, -55 - 22 = 4*g + 3*h. List the prime factors of -5 + (a - 1) - g.
2, 7
Let g be 0/(3 - 3 - -1). Suppose g = -4*i - 152 + 508. What are the prime factors of i?
89
Let h = -90 - -90. Suppose h = 13*l + 383 - 3308. List the prime factors of l.
3, 5
Suppose 5*x + 2800 = 4*d - 5352, -4*d + 8120 = 3*x. List the prime factors of d.
19, 107
Let h = 1018 + -631. List the prime factors of h.
3, 43
Let x = 16 + -14. Suppose -20 = 4*s + x*f, -4*s - 27 = s + 2*f. Let q = 47 + s. List the prime factors of q.
2, 5
Suppose 5*w + 23 = -3*o - o, -17 = 3*w + 4*o. Let r = 3 + w. Suppose -m - 3*m + 168 = r. List the prime factors of m.
2, 3, 7
Let l(s) = 11*s - 1. Let r be l(1). Suppose 11*t = r*t + 9. Let u = t - -7. List the prime factors of u.
2
Let d(p) = 28*p**2 + p - 29. What are the prime factors of d(10)?
3, 103
Suppose -2*s + 55 = -s. Suppose f - s = -4*i, 3*i = -2*i - f + 70. What are the prime factors of (228/(-9))/((-10)/i)?
2, 19
Let t(w) = 2*w + 3. Let s be t(-7). Let q(r) = -2*r + 12. Let m be q(s). Suppose 0 = -5*h + n + 203, -2*n = 4*h - 3*h - m. List the prime factors of h.
2, 5
Suppose 20 = 5*r - r. Suppose r*u = -3*y + 477, -4*y + 109 = 4*u - 3*u. List the prime factors of u.
3, 31
Let f = -13 + 28. Suppose -l + 212 - 17 = b, -3*l - f = 0. List the prime factors of b.
2, 5
Suppose 2*s + s = 0. What are the prime factors of 126/((-3)/(-1)) - s?
2, 3, 7
List the prime factors of (59829/(-49) - 16/2)*-1.
1229
Suppose -368 = g - 1616. What are the prime factors of g?
2, 3, 13
Suppose 0 = -v - 3*c + 674, -2*v + 2*c + 3*c = -1304. What are the prime factors of v?
2, 331
Suppose -482 = 4848*g - 4849*g. What are the prime factors of g?
2, 241
Let k(d) = -d**3 + 17*d**2 - 5*d - 8. Let t(f) = f**3 - f**2 - 7*f - 4. Let n be t(4). What are the prime factors of k(n)?
2, 3, 7
Let l(d) = -14*d - 22. Suppose 95 = -8*r + 23. List the prime factors of l(r).
2, 13
Let p(d) = 8*d + 9. Let r be p(-7). Let i = r - -52. List the prime factors of i.
5
Let u be -35*1 + (2 - 5). Let o = 23 + u. What are the prime factors of ((-6)/4)/(o/280)?
2, 7
Let f = 15 - 11. List the prime factors of (-9*89)/(-3) - f.
263
Let h = -56 - -101. Let y be (3 - 0)*(11 + 2). Suppose y = 2*d - h. List the prime factors of d.
2, 3, 7
Let f(p) = 2*p + 15. Let v be f(18). Let q = v + -36. What are the prime factors of q?
3, 5
Suppose 3*z = -2*d + 244, -4*z - 110 = -5*d - 397. What are the prime factors of (-2)/(-6) + z*78/54?
113
List the prime factors of (1030/7)/(-1 - 8/(-7)).
2, 5, 103
List the prime factors of (8/5)/(458/(-230) + 2).
2, 23
Suppose 5*n = -2*f - 17, -3*n = -2*n + 5. Suppose 3*c - 11 = -2, 0 = -5*p + f*c - 22. List the prime factors of -2*((2 - 4) + p).
2
Suppose -y + 2*p = -8, 4 = -y + 6*y - p. Suppose y = -10*f + 13*f - 255. What are the prime factors of f?
5, 17
Let r = 11 + -10. Let g(l) = l - 1. Let u(f) = 5. Let i(y) = r*u(y) + 2*g(y). What are the prime factors of i(6)?
3, 5
Let m(c) = -c**3 - 13*c**2 + 11*c - 14. Let l be -12 - ((-9)/(-3) - 1). List the prime factors of m(l).
2, 7
Let f(l) = -77*l - 4. Let i be f(2). Let c = -70 - i. What are the prime factors of c?
2, 11
Suppose 716 = 9*i - 9940. What are the prime factors of i?
2, 37
Let r(p) = p**2 + 6*p + 8. Let v be r(-5). Let h = 31 + -7. Suppose 77 = 4*n - v*i, -5*n - 4*i + h = -4*n. What are the prime factors of n?
2, 5
List the prime factors of ((-4767)/105)/((-1)/5).
227
Let i = -18 + 10. Let c be (-3 - 0) + (i - -7). What are the prime factors of 35 + 1 + c - 4?
2, 7
Suppose 5*s - 56 = 1144. Suppose 6*q = 16*q - s. What are the prime factors of q?
2, 3
Let b(u) = -96*u + 559. List the prime factors of b(-35).
3919
Suppose 4*j - 3*j = 1224. What are the prime factors of j?
2, 3, 17
Suppose -2*u - s - 4 = 2*s, 4*u = -4*s. Suppose -108 = u*j - 0*j. Let m = j + 50. What are the prime factors of m?
23
What are the prime factors of (12324/(-65) - 0)/((-2)/65)?
2, 3, 13, 79
Suppose 4*h - 33 = 3. Suppose -h*y = -4*y. Suppose y = -f, -25 = -o - 0*f - f. What are the prime factors of o?
5
Let s = -461 + 557. List the prime factors of s.
2, 3
Suppose 5*a - 2*a - n = 7, -8 = -4*a + 2*n. Suppose 0 = -a*z - 4*h + 244, -4 - 140 = -2*z + 2*h. List the prime factors of z.
2, 19
Let l = -8 + 22. Let z = 99 - l. List the prime factors of z.
5, 17
Let a be (-892)/(-12) - 4/(-6). Let m = a - -28. Suppose m = 3*v + 7. What are the prime factors of v?
2
What are the prime factors of 4/50 + 249886/875*5?
2, 3, 7, 17
Let h be ((-6)/(-6))/((-1)/4). List the prime factors of (h/(-12))/(3/135).
3, 5
Let w(n) be the third derivative of -n**4/24 + n**3/6 + 13*n**2. What are the prime factors of w(-18)?
19
What are the prime factors of 5/(-4) - 9108/(-16)?
2, 71
Let c(y) = -28*y + 2. Suppose 3*n - 5*n = 4. Let a be c(n). Let x = a - 33. List the prime factors of x.
5
Let o(c) be the third derivative of c**5/60 + c**4/24 - 8*c**3/3 + 8*c**2. List the prime factors of o(-7).
2, 13
Suppose 3*v + 4*a - 537 = 0, -3*v - v + 4*a + 716 = 0. List the prime factors of v.
179
Let b be (8/3)/((-4)/24). What are the prime factors of (6 + (-172)/b)/(1/8)?
2, 67
Let h = -134 - -296. Let p = 227 - h. List the prime factors of p.
5, 13
Let q(y) = -310*y + 113. What are the prime factors of q(-3)?
7, 149
Let p = -38 - -62. Suppose p + 39 = -7*y. Let l(x) = -6*x - 6. What are the prime factors of l(y)?
2, 3
Let f(z) = 11*z - 1. Let k(n) = n. Let h(p) = -f(p) + 6*k(p). Let o be h(-1). List the prime factors of 125/15 - 2/o.
2
Suppose 3*k + 135 = -j, 5*j = k - 0*j + 45. Let p = 98 + k. Let w = -32 + p. List the prime factors of w.
3, 7
Let m be 2/(-6) + 52/12. Suppose -4*g - v - 2 = 0, 5*v + m = 3*v. Suppose g = 5*z - 0 - 10, 0 = p - 4*z - 2. List the prime factors of p.
2, 5
Let r(d) = 2*d + 74. What are the prime factors of r(18)?
2, 5, 11
Suppose -5*p = 25, -m - 172 = m + 4*p. Let l = m + 113. What are the prime factors of l?
37
List the prime factors of (-1710)/(-78) + -22 + (-48570)/(-26).
2, 467
Suppose 0 = 3*p - p - 4*s + 316, -3*s = -4*p - 622. What are the prime factors of (0/(-4 + 1))/1 - p?
2, 7, 11
Let n be 1 - (-2 - (12 - 4)). Suppose -228 = 7*m - n*m. What are the prime factors of m?
3, 19
Let p be 4/(-4) + (1 - -2). Suppose 4*u = -2*t - 2, -14 = -u - u + p*t. Suppose 0 = -u*j - v + 75, -3*j - 2*j = v - 192. List the prime factors of j.
3, 13
Let a be ((-4)/(-3))/(52/(-390)). What are the prime factors of 20/(a/(-2)) + 122?
2, 3, 7
Let v(r) = r**3 - 2*r**2 + 11